094106?
122
Calculate the highest common divisor of 10945084 and 151.
151
What is the highest common factor of 489015 and 90?
45
What is the greatest common factor of 184 and 465712?
8
Calculate the greatest common factor of 15965 and 9567065.
155
Calculate the highest common divisor of 17142472 and 80192.
1432
What is the highest common factor of 23338559 and 89?
89
What is the greatest common factor of 2003475 and 975?
75
Calculate the greatest common factor of 320 and 1365491840.
320
What is the highest common factor of 353776 and 1264?
16
What is the greatest common factor of 70 and 50340556?
14
Calculate the greatest common divisor of 69 and 633990078.
69
Calculate the highest common factor of 2143788 and 8172.
2724
What is the highest common divisor of 367 and 86246835?
367
What is the highest common divisor of 105616 and 7749?
287
What is the greatest common divisor of 1587 and 497467?
23
What is the greatest common divisor of 157 and 28789561?
157
Calculate the greatest common factor of 1634771 and 259.
37
What is the greatest common divisor of 14510020 and 14?
14
Calculate the greatest common factor of 57404009 and 3926.
1963
What is the greatest common divisor of 73864 and 3304?
56
Calculate the highest common divisor of 352 and 5978632.
88
What is the greatest common divisor of 21333 and 4435623?
1641
What is the highest common divisor of 1652136 and 46?
46
What is the greatest common factor of 168 and 1121064?
168
What is the highest common factor of 1607469 and 22080892?
12461
What is the greatest common factor of 370077 and 131508?
843
What is the highest common factor of 31521 and 217497?
21
Calculate the highest common factor of 1312628 and 879862.
2866
Calculate the greatest common factor of 119366 and 20202.
26
What is the greatest common factor of 2335979 and 1214177?
739
What is the highest common factor of 34345 and 34285?
5
What is the highest common factor of 1692401753 and 193?
193
Calculate the highest common factor of 1364 and 1523309.
31
What is the greatest common divisor of 96 and 65384?
8
What is the highest common factor of 976 and 110940212?
244
What is the highest common divisor of 353945 and 304935?
145
What is the highest common divisor of 11382 and 33278?
14
What is the highest common divisor of 65247 and 835653?
273
Calculate the highest common divisor of 55020675 and 25.
25
Calculate the highest common divisor of 231955 and 1083129.
2017
Calculate the greatest common divisor of 325 and 2595255.
65
Calculate the greatest common divisor of 14245590 and 5334.
762
Calculate the highest common divisor of 230884792 and 8.
8
Calculate the highest common factor of 4833384 and 1776.
888
Calculate the greatest common factor of 12099 and 15549177.
327
Calculate the highest common divisor of 25869614 and 68.
34
Calculate the greatest common factor of 2172308 and 75851.
101
What is the highest common divisor of 66 and 2253878?
22
What is the highest common factor of 162 and 135472581?
81
Calculate the greatest common divisor of 105280680 and 576.
24
What is the highest common factor of 348 and 50303081?
29
What is the greatest common divisor of 158116926 and 66?
66
Calculate the greatest common factor of 264 and 5196312.
264
Calculate the greatest common divisor of 992383758 and 108.
54
Calculate the highest common factor of 99774 and 929778.
1446
Calculate the greatest common factor of 321150 and 1590.
30
Calculate the highest common divisor of 14396680 and 4180.
380
What is the greatest common factor of 4497488 and 128?
16
Calculate the greatest common factor of 74362656 and 12.
12
What is the greatest common divisor of 10060 and 9484065?
2515
Calculate the highest common divisor of 4067619 and 7935.
69
Calculate the greatest common divisor of 3417939 and 20430.
2043
What is the highest common divisor of 4 and 2910142?
2
What is the greatest common factor of 423973 and 66?
11
What is the highest common divisor of 60 and 10869420?
60
Calculate the greatest common factor of 201260 and 21692.
116
What is the greatest common factor of 22594 and 29887?
143
What is the highest common divisor of 1587 and 337754862?
1587
What is the greatest common divisor of 37360 and 80751305?
2335
What is the greatest common divisor of 37542 and 11382?
6
Calculate the greatest common factor of 2144200 and 6106.
142
What is the highest common divisor of 7707 and 7485051?
21
Calculate the greatest common divisor of 885 and 208230765.
885
What is the greatest common factor of 6389093 and 3109385?
3961
What is the greatest common factor of 357 and 52257813?
51
What is the greatest common divisor of 8626662 and 329?
47
What is the highest common divisor of 3335552 and 1288?
184
Calculate the greatest common factor of 963 and 60987753.
963
Calculate the greatest common factor of 4179728 and 4269776.
7504
What is the greatest common divisor of 48 and 33208140?
12
What is the highest common divisor of 54073 and 9821?
23
Calculate the greatest common factor of 54094816 and 2176.
544
What is the highest common factor of 4110 and 30899665?
685
What is the greatest common divisor of 14926272 and 1836?
204
Calculate the greatest common divisor of 293627499 and 46695.
9339
What is the greatest common divisor of 937250 and 1610?
230
What is the highest common divisor of 88912 and 2192?
16
Calculate the greatest common divisor of 264432 and 3444.
84
What is the highest common factor of 316992 and 2119503?
381
Calculate the highest common factor of 4742535 and 5781.
141
Calculate the greatest common factor of 31940625 and 400.
25
What is the greatest common divisor of 33088 and 262?
2
What is the highest common divisor of 32 and 3981232?
16
What is the greatest common factor of 4359587 and 16?
1
What is the highest common factor of 202 and 874456586?
202
What is the greatest common factor of 1342 and 29196308?
122
What is the greatest common divisor of 2430 and 7787610?
270
What is the greatest common divisor of 92 and 384168?
4
Calculate the greatest common factor of 135 and 720666.
9
What is the highest common divisor of 490 and 114046226?
98
Calculate the highest common factor of 1332384 and 1284.
12
Calculate the highest common factor of 319088192 and 64.
64
Calculate the highest common divisor of 120 and 164231720.
40
Calculate the highest common factor of 448243 and 829120.
2591
Calculate the highest common factor of 377 and 6020833.
13
What is the greatest common divisor of 9864175 and 83585?
1145
What is the greatest common factor of 222609 and 6?
3
Calculate the greatest common factor of 3692 and 55003.
13
What is the highest common factor of 549736310 and 6460?
3230
Calculate the greatest common divisor of 11872 and 288064.
224
Calculate the greatest common divisor of 42 and 9468324.
6
Calculate the highest common factor of 2319295 and 3795.
55
Calculate the highest common divisor of 1582 and 1196536208.
1582
Calculate the greatest common factor of 381087109 and 13.
13
Calculate the highest common factor of 96511635 and 7920.
495
What is the highest common divisor of 4323 and 41395083?
393
What is the highest common factor of 687 and 315670088?
229
What is the highest common factor of 656 and 592327?
41
What is the greatest common factor of 7316 and 32713494?
3658
Calculate the greatest common divisor of 6265 and 58835.
35
Calculate the greatest common divisor of 51 and 1349910.
3
What is the greatest common factor of 2391 and 78043037?
797
Calculate the greatest common factor of 390 and 2037542.
26
What is the greatest common divisor of 31 and 2069529?
31
What is the highest common factor of 2277 and 2027979?
207
What is the greatest common divisor of 42 and 16974706?
14
Calculate the highest common factor of 341083490 and 55.
55
Calculate the greatest common divisor of 401388 and 2820.
12
Calculate the highest common factor of 1587918 and 663360.
4146
What is the highest common factor of 23099420 and 540?
20
What is the highest common divisor of 13 and 432594799?
13
Calculate the highest common factor of 285 and 105100305.
285
Calculate the highest common factor of 2455 and 43087705.
2455
What is the highest common factor of 6171 and 5240631?
363
What is the highest common factor of 124 and 403969246?
62
What is the greatest common diviso